ens digit of g?
4
Let u = -24 + -435. Let g = 1329 + u. What is the tens digit of g?
7
Suppose -73192 = -149*b + 840625. What is the hundreds digit of b?
1
Suppose 38*f - 35*f - 22554 = -4*m, 4*f = 4*m - 22540. What is the hundreds digit of m?
6
Let w be -6 - 185/10*-86. Let y = w - 615. What is the units digit of y?
0
Let d(j) = 6*j**3 - 9*j**2 - 11*j - 12. Let n be d(-6). Suppose 0 = 2*p + 2*c + 124, -2*c = -7*c + 10. What is the tens digit of 4/(p/n) + (-1)/(-8)?
9
Suppose 35*i - 41*i = 228. What is the hundreds digit of (i - 0)/((-66)/16 - -4)?
3
Let h be -9 + 6 - 1*-9. Suppose 3541 - 931 = h*j. What is the hundreds digit of j?
4
Let v = 257 + -261. What is the units digit of (1 + (-101)/v)*9856/231?
0
Let r(a) = -7 - 9 + 5 - 4 - 36*a. Let k(q) = -35*q - 14. Let h(y) = 4*k(y) - 3*r(y). What is the tens digit of h(-3)?
8
Let c be 1 - (-180)/3 - 3. Let h = -46 + c. What is the units digit of 3/((-18)/h*4/(-6))?
3
Let w be 110/(-9) + 6/27. Let j(v) be the third derivative of -v**6/120 - 11*v**5/60 + v**4/12 - 29*v**3/6 - 534*v**2. What is the tens digit of j(w)?
9
Let k be ((-70)/(-15))/(2/15). Let o be (6 - -1)*295/k. Let z = -32 + o. What is the tens digit of z?
2
Suppose -7*a = 77 - 56. What is the units digit of ((-210)/(-8))/(a/(-112))?
0
Suppose -32 = 5*l - 37. Let i be 20 + -2 + (l - 4) - 0. Suppose 0 = 15*w - 16*w + i. What is the tens digit of w?
1
Suppose 4*b + 36 = 6*b. What is the hundreds digit of (12 - b)/(2/(-43))?
1
Let z(c) = 3*c**2 + 7*c - 2. Let y be (-12)/(-5 - -1) + 0. Suppose -y*v + 10 = -2*m - 9, 6 = 2*v. What is the units digit of z(m)?
8
Let q = 14410 - 6920. What is the thousands digit of q?
7
Let s(x) be the second derivative of -4*x**3/3 + 75*x**2 + 102*x + 1. What is the tens digit of s(-38)?
5
Let r = 44864 - 27581. What is the tens digit of r?
8
Let m(n) = 238*n**2 - 53*n + 17. What is the ten thousands digit of m(8)?
1
Suppose 2*m - 14 = -5*m. Suppose 5*q = -2*p + 5*p - 1608, -m*p + 323 = -q. Let z = q + 565. What is the hundreds digit of z?
2
Let l be -2 - ((-203)/56 - 9/24). What is the units digit of ((-618)/15)/(l/(-25))?
5
Let i = -11240 - -17828. What is the thousands digit of i?
6
Let z be 7 + ((-10)/5 - 222). Let x = z + 431. What is the tens digit of x?
1
Let b = 140 + -2. Let m = 237 - b. Let t = m - -21. What is the units digit of t?
0
Suppose 12*c - 19*c = -56. Suppose 0 = c*r + 4*r - 36. Suppose -5*v = -2*l + 430, -8*v + 622 = r*l - 4*v. What is the tens digit of l?
1
What is the units digit of -12 - (1157552/(-110) + (-8)/10)?
2
What is the ten thousands digit of 7 + (-663265)/(-40) + -2 - (-6)/16?
1
What is the hundreds digit of (24510/(-35))/((-18)/84)?
2
Let a be (0/4 + 3)/1. Suppose -5*s + 1795 = 5*v, -2*v - 2*v + 1434 = a*s. Suppose -v = -8*l + 5*l. What is the units digit of l?
9
Let a(c) = 188*c + 38. Let u be a(21). What is the hundreds digit of -4 - (u/(-12) - (-3)/18)?
3
Let r(v) = -2*v + 229. Let u be (-2)/(-4)*(52 + -110). What is the tens digit of r(u)?
8
Let d = 145 - 141. Let y be 1*d*(-145)/(-116). Let v(p) = 14*p**2 - 11*p + 10. What is the hundreds digit of v(y)?
3
Let l be (-4326)/(-15) + (-8)/20. Suppose -l = 7*s - 120. What is the tens digit of (9/(-12))/(1/(0 + s))?
1
Let q(y) = -y**3 - 20*y**2 - 18*y + 19. Let s be q(-19). Suppose 0 = -s*m + m + 5, 0 = -h - m + 219. Let a = h + -86. What is the units digit of a?
8
Suppose -2*k - 12 = 0, 60*j + 5758 = 62*j - k. What is the thousands digit of j?
2
Suppose 0 = 4*o + 5*q - 76, 2*q + 3*q + 92 = 3*o. Let t = -17 + o. Suppose -t*k = -3*k - 108. What is the units digit of k?
7
Let g(l) = -l - 2. Let s be g(12). Let m be (-4)/(-14) + (-1)/(s/66). Suppose 0*z + z = -5*p + 149, m*z - 766 = -4*p. What is the units digit of z?
4
Let a(x) = 2*x**3 + 23*x**2 + 12*x + 11. Let l be a(-11). Suppose 5*m + 25 = l, 0*w = -5*w - 5*m + 1305. What is the hundreds digit of w?
2
Let x(k) = 7*k - 120. Let w be x(17). What is the tens digit of (-2514)/(-4) + w/(-2)?
2
Let y be 2900/5 - (3 + -3). Suppose 6*k - 4*k + y = 0. What is the tens digit of 1 + k/(-5) + 3?
6
Let w be (2/(-5))/((-48)/5520). Let k(v) = 74*v**3 + v - 1. Let m be k(1). Let u = m - w. What is the units digit of u?
8
Let q(c) = -8*c**2 - c + 1. Let b(i) = 0*i**2 + 1 - i - 9*i**2 + 0. Let z(l) = 3*b(l) - 4*q(l). What is the tens digit of z(-2)?
1
Suppose -5*n - 51*x + 341237 = -49*x, 5*n + 5*x = 341240. What is the units digit of n?
7
Let p(y) = y**2 - 22*y + 109. Let z be p(9). Let f(j) = -j**3 + 2*j**2 - j - 10. What is the hundreds digit of f(z)?
6
Let y = -487 - -4361. What is the hundreds digit of y?
8
Suppose -387*k + 718980 = -357*k. What is the units digit of k?
6
Suppose 0 = -12*p - 3 + 27. Let x(d) = 28*d**2 - 10*d + 33. Let t be x(4). Suppose 456 = p*c - 2*j, 2*c - 2*j - t = 3*j. What is the tens digit of c?
3
Let s(d) = -93*d + 329. What is the units digit of s(-51)?
2
Let r = 165 - 165. Suppose r = -2*h + 1293 - 509. What is the hundreds digit of h?
3
Suppose -4*y = 0, -4*v - 192 + 12 = -3*y. Let i be v + 0/(-4 + 1 + 2). What is the tens digit of 68/(-3)*i/10?
0
Suppose -19*a + 14*a = -4*x + 172, -2*x - 90 = 3*a. What is the units digit of a/24*(-1194)/8?
9
Suppose -k - 5*b = -7325, 62*k - 58*k + b - 29414 = 0. What is the hundreds digit of k?
3
Let r = -53 - -305. Let q(i) = 2*i**3 + 6*i**2 - 7*i + 11. Let b be q(8). Suppose b = 11*p + r. What is the tens digit of p?
0
Suppose 4*h = -1 + 17. Suppose m - 75 = -b, h*b - 166 - 154 = m. What is the units digit of b?
9
Suppose -5905*m - 1132972 = -5963*m. What is the thousands digit of m?
9
Let s = 89 + -87. Suppose -4*c = -s*h - 18, 0*c + 2*c = 3*h + 11. What is the units digit of h/((-14)/8) + 1354/7?
4
Let g be (20 - 19)*(0 + 1 + -2). Let q(z) = 17*z**3 + 1. Let j be q(-1). What is the units digit of (g - (-6 - -1))*(-340)/j?
5
Let z be (-20)/25*(-55)/2. Let f be 0/1 + (1 - z). What is the units digit of (3*-1)/(7/f)?
9
Let y(l) = -804*l + 18. Let g be y(3). What is the hundreds digit of (g/(-24))/((-3)/(-8))?
2
Suppose 0 = o - 4*j - 55, 20*o - 296 = 16*o - 3*j. Let v = 22 - -9. Let c = o + v. What is the units digit of c?
2
Suppose 3*q = -5*u + 5667 + 2527, 3282 = 2*u - q. What is the thousands digit of u?
1
Let b(v) = -227*v - 10. Suppose -34 = 3*l - 4*f - 14, 0 = -2*l - 4*f. What is the hundreds digit of b(l)?
8
Let q be ((-4)/(-7))/((-18)/(-63)). Suppose 0*k - q*k + 6 = 0. What is the units digit of 1*2 - (k - (-5 - -12))?
6
Suppose 3*m = -2*z + 21, 4*m - 56 = -z - 33. Suppose -3*n = -m*y + 334, 24*n - 25*n + 257 = 4*y. What is the tens digit of y?
6
Suppose 5*b = -c - 5 + 20, c - 4*b + 12 = 0. Suppose c = 80*t - 77*t - 3891. What is the thousands digit of t?
1
Let p = 72513 + -32640. What is the thousands digit of p?
9
Let k be ((-7)/(-28))/((-1)/12*-3). Let x(c) = 5*c**2 - c. Let z be x(k). Suppose -4*u - z = 0, 6*d - 2*d - 4*u = 208. What is the tens digit of d?
5
Let l(k) = 4*k**2 - 6*k - 13. Let m(t) = -t**2 + 1. Let a(p) = l(p) + 3*m(p). Let n be a(8). Suppose -2*i - 112 = -n*i. What is the tens digit of i?
2
Suppose -7*f + 0 = -14. Suppose -f*i - 67 = -3*n, n - 52 = 2*i + 3*n. Let o = -26 - i. What is the units digit of o?
3
Let h(z) = -2*z. Let q be h(2). Let g be 15/(-45) + (-265)/(-3) - q. What is the hundreds digit of (-1 - 1/(-4)) + 17365/g?
1
Let y(a) = 342*a - 174*a + 2*a**2 - 32 - 167*a - a**2. What is the tens digit of y(-31)?
9
Suppose -26*q = -22*q. What is the tens digit of 6 - (((-12)/4 - q) + -647)?
5
Suppose -11*u + 82*u + 269264 - 1666757 = 0. What is the thousands digit of u?
9
Suppose 17*c + 89147 = 65*c - 230053. What is the units digit of c?
0
Suppose 0 = -0*v + 2*v + 44. Let m be -6*(-6)/198 + (-326)/v. What is the tens digit of ((-68)/10)/((-3)/m)?
3
Let k(b) = -135*b - 127. What is the tens digit of k(-55)?
9
Suppose -2*f - p = 9, 6 - 15 = f - p. What is the hundreds digit of (-68)/(-51)*1149/4 - f?
3
Let f(j) = 968*j - 105. What is the hundreds digit of f(2)?
8
Let j be 8/(-4)*1*(-1 + 0). Suppose 0 = j*d - 236 - 122. What is the hundreds digit of d?
1
What is the ten thousands digit of (1 - -104909)*(-843)/(-1405)?
6
Let u(c) = 18*c**2. Let d(s) = -s**2 + s. Let o(l) = 15*d(l) + u(l). Suppose -58 = 5*m - 28. What is the units digit of o(m)?
8
Let q = 3099 + 109. Let a = q - 2169. What